 7)).
-2
-6 + (-16 + 9 - -6) - -7
0
What is -11 - (7 - (-10 - 2 - 2 - 2))?
-34
1 + (13 + -7 - (4 - 1))
4
Evaluate 14 - (-1 + -5 + 4 + -3 - -8).
11
Evaluate -29 - (8 + -77 + 15).
25
Calculate 2 + (7 + -13 - -7) + 8.
11
What is (10 - -37) + -41 + -19?
-13
Evaluate (-67 - (-16 - 15)) + 21.
-15
What is (-5 - (-8 + (15 - 7))) + 0?
-5
What is 0 + (1 - 4) - (678 - 708)?
27
What is the value of 357 + -376 - (2 - -1 - 16)?
-6
What is 4 + 15 + -11 + 8?
16
Calculate (-1 - (-16 - -9)) + -4 - -6.
8
What is 6 + (-19 - (0 - -30) - (-11 + 1))?
-33
Evaluate 9 + (11 - (35 - 25)).
10
Evaluate -2 + -4 - (25 - (22 - 8)).
-17
Evaluate -18 + -1 + -378 + 372.
-25
Evaluate -5 - (1 - 1 - 4).
-1
-1 - (2 - -3) - 1 - -8
1
Evaluate (3 - (-7 + 4) - 1) + 8 + -3.
10
Evaluate -36 + 6 + -5 - (-6 - 6).
-23
What is the value of 18 + (-19 - -2) + (-1 - (-2 - -3))?
-1
Evaluate -150 - -145 - (6 + (4 + -1 - 2)).
-12
What is the value of (18 - (-6 - -42)) + -34 - -16?
-36
What is (3 - -5) + 149 + -141?
16
What is the value of (3 - -9) + (46 - (14 - -35))?
9
Calculate 7 + (2 + -5 - 17).
-13
Evaluate 362 - 365 - (-20 - (-1 - 0)).
16
Evaluate -1 + (3 - (0 + 4 + -12)).
10
Calculate (-2 - (-4 + 8)) + (-17 - -8 - -16).
1
Calculate -22 + -8 + 34 - (16 + (2 - 2)).
-12
What is the value of -4 + 17 + -7 + 1?
7
Evaluate -13 - -4 - (-23 - (-16 - 5)).
-7
What is the value of -1 + -13 - (0 - 23 - (-1 + -25))?
-17
What is the value of (-19 - -6) + -4 + 10 - 11?
-18
2 + 0 + -1 - (-41 + 1 - -20)
21
Calculate 27 - (-27 - -14 - -61).
-21
(11 - -1) + 51 + (-84 - -34)
13
Calculate 2 + 3 - (-11 + (3 - -14)).
-1
What is the value of 0 - (-25 - -26) - 10?
-11
What is the value of 3 + 5 - (5 + 5) - -2 - -23?
23
-20 - (1 - 3 - 0 - 6)
-12
What is the value of 15 - (-30 - -13 - -19)?
13
Calculate -4 + (-7 - -1 - (-29 + 15)) + 9.
13
What is the value of 6 - (6 + -17 - 14 - -15)?
16
What is 6 - ((4 + -4 - (-15 + 12)) + 8)?
-5
What is the value of 21 + (15 - 0 - 9) + (0 - 7)?
20
Evaluate 3 + -3 - 1 - (-1 + 5).
-5
Calculate 4 - -7 - (23 + (8 - 26)).
6
Evaluate (-77 - -30) + 57 + (0 - -20).
30
What is the value of (-8 - 1) + 18 + 38 + -35?
12
-12 - (-8 - -1 - (59 - 61))
-7
What is the value of 31 + 3 - (-60 + 91)?
3
-23 + 0 + (-1 - 1) + (-7029 - -7030)
-24
(53 - 49) + (4 - 1 - 0) + -4
3
Evaluate 8 - (20 + -21 + 8).
1
805 + -757 - (23 - 1)
26
What is (-59 + 67 - (5 + 0)) + 3 + -15?
-9
Evaluate 15 - 0 - (-17 - (-4 + (13 - 15))).
26
What is -7 + (22 + (-20 - -7) - 0)?
2
Calculate (2 + 15 - -1) + -34.
-16
What is the value of -15 + -1 + 12 - 8?
-12
-5 + -15 + 29 + -14
-5
Evaluate -20 + (5 - 16) + 24.
-7
Evaluate 0 + 1 + -4 + 1 + 8 - -2.
8
1 + 3 + -10 + (3 - 1)
-4
What is the value of -5 + (-1 + -1 - (-19 + 19)) + 0?
-7
What is -41 - (-27 - (-29 + 35))?
-8
Calculate (-53 + 12 - -26) + 38.
23
Calculate -5 + 0 + 1 - (33 + (-25 - 6)).
-6
Calculate (-1 - 5) + (9 - (11 - 5)).
-3
What is (-41 - (0 - (27 + -10))) + -16?
-40
Calculate (-12 + (2 - -5) - (-7 + 2)) + -6.
-6
What is the value of 10 + -1 + (6 - -5)?
20
7 + 2 - ((2 - -1) + -98 + 114)
-10
Evaluate 1 + 5 - (4 + (-6 - -2 - -4)).
2
(-6 - (13 - 1)) + 4
-14
What is the value of 9 + (-6 - (14 + -2 + 0))?
-9
9 + 0 + (9 - (-12 - -37) - 19)
-26
Calculate (29 - (28 - 12)) + -12.
1
What is the value of (-17 - (0 - 14)) + 21?
18
What is ((-2 - 8) + 43 - 9) + -5 + -2?
17
What is (32 - 53 - -11) + 0 + 1?
-9
What is the value of 1 + -6 + 2 + (7 - -1) + -17?
-12
Evaluate 2 + -1 + (-11 - 3) + -9 + 50.
28
Calculate 0 + 9 + -9 + -4 + -3 + -5.
-12
What is (-29 - -12) + -40 + 75?
18
3 - ((11 - (5 - 0)) + 9)
-12
What is the value of (4 - 10) + 1 + -5?
-10
66 - 71 - (-7 + -13 + -4)
19
Calculate -3 - 2 - (-76 + 74).
-3
What is (2 - 1) + 10 + (-353 - -369)?
27
7 + (-2 - -1 - -16 - (2 + -1))
21
Evaluate -9 - (-5 + (13 - 1) - -16).
-32
Evaluate 3 - (5 + -7 + -20 - -11).
14
What is the value of 0 + 4 - ((-10 - -4) + 0 + 18)?
-8
What is the value of -33 + -6 + 89 - 22?
28
-16 - (7 - 12) - 0
-11
Calculate 16 + -26 - (-6 + (5 - 2)).
-7
Evaluate -4 + (-7 + 12 + -3 - (-7 - -2)).
3
Calculate 12 + (-2 - -17 - (184 - 194)).
37
What is the value of -4 + (31 - 8 - 2)?
17
What is 7 - 0 - (5 - (20 + -23))?
-1
Calculate -1 - (1 + 15 + -18).
1
What is the value of 0 + 8 + (-12 - -21) + -1?
16
What is 21 - (-10 + 14) - (17 + -11)?
11
What is the value of -4 + (1 - -3) - (1 - 2)?
1
What is -11 + (10 - 5) + -225 + 217?
-14
-35 + (13 - -25) + 5
8
Evaluate 1 + (-5 - -6) + 11 - 0.
13
Evaluate -6 + 6 - (14 - (8 - 2)).
-8
Evaluate (-5 - 2) + (3 - -5) + (17 - 8).
10
What is -18 - ((0 - 9) + 0 + 14 + 4)?
-27
(-5 - -5) + 3 - (-2 + -5)
10
Evaluate -8 + (-8 - 2 - -17 - 11) + 10.
-2
What is the value of 13 - (-5 + 17 + -7)?
8
What is -25 + (-1 + -35 - -67)?
6
Calculate 1 - 18 - 0 - (88 - (111 - 26)).
-20
Evaluate (7 - -1) + (4 - -5) + -11.
6
Evaluate -1 + (-1 - (2 + -3)).
-1
What is -10 - (-9 - (35 - 20))?
14
Calculate 92 + -96 + -5 + 21.
12
What is 27 + (8 - (19 + (-8 - (2 - 4))))?
22
Evaluate 6 + 7 + (7 - 17) + -5.
-2
-11 + 2 + 7 + (-1 - 2)
-5
What is the value of 18 - (5 - -4) - 7 - 9?
-7
What is 3 - (1 + -1 + -5)?
8
Evaluate 19 + -8 + -34 - -29.
6
What is the value of -6 + -14 + 0 + 10 + -7?
-17
Evaluate -1 - -3 - (-13 - -11 - 9) - -2.
15
Evaluate -185 + 175 + 1 + -1 + 6 - -6.
2
What is 5 + -6 - (4 + -2 - 19) - 5?
11
Evaluate 13 + (-5 - (-8 + -3)) + -1.
18
What is 20 + -8 + (-3 - 2) + -5?
2
What is -1 + (3 - 35) - -20?
-13
What is the value of -4 - (36 + -22 - 3)?
-15
Calculate (7 - 26) + -3 + (-1 + -2 - -6).
-19
Calculate -6 + (19 - 3) + -11.
-1
What is the value of -36 - (-1 + -10 + -4)?
-21
What is (-33 - -46) + (-14 - -11)?
10
Calculate 12 - ((8 - 16) + 7) - -4.
17
What is (20 - (36 - 10)) + (-1 - 0) + 3?
-4
Calculate -2 + -1 + (2 - 6) + 15.
8
-9 + 18 + -46 + 13
-24
What is -7 - (-10 - 17) - 20?
0
34 + (-4 - -6) + (-12 - 1)
23
(-2 - (-3 - 1)) + -10 - (6 + 0)
-14
What is (4 - (-5 + 9)) + (-62 - -66)?
4
What is (7 - (29 - 23)) + 9 + -5 + 2?
7
Calculate (0 - 3) + 6 - (7 + 15 + -16).
-3
What is the value of (10 - -1) + -15 - (-21 + 17)?
0
6 - (0 - 8 - (-43 - -16))
-13
Evaluate 11 + 4 + (-26 - (22 + -39)).
6
Evaluate (0 - 0) + (14 - 11) + -4 + -3.
-4
Evaluate (888 - 871) + (2 - 30).
-11
What is the value of (-40 - -6) + 7 - 5?
-32
Evaluate (-5 - 2) + (-20 + 15 - -47).
35
What is 6 - (2 + -12 - -10) - (0 - -18)?
-12
What is (-6 - 20) + -2 + (-3 - -5) + 2?
-24
What is the value of 26 - (-11 + (-7 - -13) + 0 - -3)?
28
Calculate -6 + -13 + 62 + (-2 - (-4 + 8)).
37
Evaluate -84 - (-43 + (-44 - -40)).
-37
(11 - (8 + -15 - -12)) + -13 + -13
-20
Evaluate 18 + -33 + -19 + 34.
0
-139 - -138 - (4 - 15)
10
16 + (-3 - 4 - 1) - 8
0
What is (7 - -32) + -20 + -22?
-3
What is -28 + (42 - -23) + -22?
15
What is the value of -27 + (-3 - (19 - 6)) - -12?
-31
Calculate 1 + 16 - (13 + -7 + 10).
1
18 - (9 + 5 + (-14 - -7))
11
Calculate -18 + 45 + -38 - -10.
-1
What is 11 - (-5 - -10) - (-16 + 28)?
-6
What is (1 - -7 - (6 - (8 + -11))) + 6?
5
What is 6 - (-5 + 13) - -22?
20
What is the value of 17 + (0 - (-2 - -5)) + -2?
12
What is 3 - -6 - (-4 + 0)?
13
What is 0 + -2 + 158 + -157 - -14?
13
Evaluate -12 + (6 - 11) + 12 + -9.
-14
Evaluate (-93 - -83) + 12 - (-2 + 1 + -28).
31
What is the value of 17 + -53 + 24 + 23?
11
Calculate (0 - (-3 + 8)) + (1 - 0).
-4
What is the value of 2 + 2 - (0 + -20 + -15 - -18)?
21
Calculate -7 + 21 + -8 - -4.
10
24 + -34 + -12 - (0 - 10)
-12
7 - (6 + -4 + 7 + -10 + 7)
1
Calculate -15 - (-15 + 11 + -1).
-10
Evaluate 4 - (1 + 11 + -9).
1
Evaluate 8 + 5 + (-5 - (2 - 9)).
15
(-30 - -26) + (5 - 10)
-9
What is (-3 - 1) + 14 + -13 + 12?
9
What is the value of -11 - -1 - (15 - (3 + 18))?
-4
Calculate -2 - (-13 - 1) - (4 + 3).
5
Evaluate 1 - -2 - (11 - (15 - -1) - -5).
3
Evaluate (1 + (6 - 13) + 10 - 24) + 8.
-12
(12 + -10 - -7) + -5
4
What is 3 - (3 - 1 - -5)?
-4
Calculate 7 - (0 + 5 + (0 - -1)).
1
10 - (10 - (17 - 10 - (5 + 0)))
2
Calculate -970 - -965 - (-1 + 2 + 1 + -5).
-2
-9 - (0 + -2) - (-175 + 199)
-31
(0 - 18) + -3 + -5 + 9 - -8
-9
Calculate (7 - (-13 - -1)) + -15.
4
Calculate (46 - 53) + (-1 - -6 - (14 + 2)).
-18
What is 12 + 7 + -38 + 9?
-10
What is the value of (-2 - 12) + 4 + (-12 - -2 - 1)?
-21
What is 1 + 1 + -9 + 13 - (3 + -8)?
11
Evaluate -6 + (-16 - -8) + -2 + 8 + 0.
-8
Calculate 6 + -4 + 7 + 2 + -13 +